{"id":54,"date":"2023-06-22T13:51:43","date_gmt":"2023-06-22T13:51:43","guid":{"rendered":"https:\/\/hof-neuguet.ch\/?page_id=54"},"modified":"2023-06-22T13:51:43","modified_gmt":"2023-06-22T13:51:43","slug":"datenschutz","status":"publish","type":"page","link":"https:\/\/hof-neuguet.ch\/?page_id=54","title":{"rendered":"Datenschutz"},"content":{"rendered":"\n<h3 class=\"wp-block-heading\">1. Erhebung, Verarbeitung und Nutzung personenbezogener Daten<\/h3>\n\n\n\n<p>Bei einem Besuch dieser Website erheben wir keine personenbezogenen Daten von Ihnen. Personenbezogene Daten werden nur erhoben, wenn Sie uns diese selbst \u00fcber unser Kontaktformular mitteilen. Diese Daten werden ausschliesslich zur Beantwortung Ihres Anliegens genutzt und danach wieder gel\u00f6scht.<\/p>\n\n\n\n<h3 class=\"wp-block-heading\">2. Verwendung von eigenen Cookies<\/h3>\n\n\n\n<p>Beim Aufruf bestimmter Seiten wird ein so genanntes \u00abSession-Cookie\u00bb gesetzt. Hierbei handelt es sich um eine kleine Textdatei, die nach Ende der Browser-Sitzung automatisch wieder von Ihrem Computer gel\u00f6scht wird. Diese Datei dient ausschliesslich dazu, bestimmte Applikationen nutzen zu k\u00f6nnen. Sie k\u00f6nnen bei den meisten Webbrowsern die Einstellungen so \u00e4ndern, dass Ihr Browser neue Cookies nicht akzeptiert oder Sie k\u00f6nnen erhaltenen Cookies l\u00f6schen lassen. Wie dies konkret f\u00fcr Ihren Browser funktioniert, kann in der Regel \u00fcber dessen Hilfe-Funktion in Erfahrung gebracht werden.<\/p>\n\n\n\n<h3 class=\"wp-block-heading\">3.&nbsp;Server-Log-Dateien<\/h3>\n\n\n\n<p>Wie bei jeder Verbindung mit einem Webserver protokolliert und speichert der Server unseres Webhosting-Anbieters&nbsp;<strong>(Name)<\/strong>, bestimmte technische Daten. Zu diesen Daten geh\u00f6ren die IP-Adresse und das Betriebssystem Ihres Ger\u00e4ts, die Daten, die Zugriffszeit, die Art des Browsers sowie die Browser-Anfrage inklusive der Herkunft der Anfrage (Referrer). Dies ist aus technischen Gr\u00fcnden erforderlich, um Ihnen unsere Website zur Verf\u00fcgung zu stellen. Der Webhosting-Anbieter sch\u00fctzt diese Daten mit technischen und organisatorischen Massnahmen vor unerlaubten Zugriffen und gibt sie nicht an Dritte weiter. Soweit wir dabei personenbezogene Daten verarbeiten, tun wir dies aufgrund unseres Interesses, Ihnen die bestm\u00f6gliche Nutzererfahrung zu bieten und die Sicherheit und Stabilit\u00e4t unserer Systeme zu gew\u00e4hrleisten.<\/p>\n\n\n\n<h3 class=\"wp-block-heading\">4. Google Analytics<\/h3>\n\n\n\n<p>Diese Website nutzt Google Analytics, einen Webanalysedienst der Google Inc., 1600 Amphitheatre Parkway, Mountain View, CA 94043, USA. Google Analytics verwendet sog. \u00abCookies\u00bb, d.h. Textdateien, die auf Ihrem Computer gespeichert werden und die eine Analyse der Benutzung der Website durch Sie erm\u00f6glichen.<\/p>\n\n\n\n<p>Google nutzt diese Informationen, um im Auftrag des Betreibers dieser Website Ihre Nutzung der Website auszuwerten, um Reports \u00fcber die Websiteaktivit\u00e4ten zusammenzustellen und um weitere mit der Websitenutzung und der Internetnutzung verbundene Dienstleistungen gegen\u00fcber dem Websitebetreiber zu erbringen. Die im Rahmen von Google Analytics von Ihrem Browser \u00fcbermittelte IP-Adresse wird nicht mit anderen Daten von Google zusammengef\u00fchrt.<\/p>\n\n\n\n<p>Durch eine entsprechende Einstellung in Ihrem Browser k\u00f6nnen Sie die Speicherung der Cookies verhindern oder wieder l\u00f6schen.<\/p>\n\n\n\n<h3 class=\"wp-block-heading\">5. Newsletter&nbsp;<\/h3>\n\n\n\n<p>Wenn Sie sich f\u00fcr unseren Newsletter mit Ihrer E-Mail-Adresse angemeldet haben, speichern und nutzen wir Ihre E-Mail-Adresse f\u00fcr die \u00dcbersendung unseres Newsletters mit Informationen und Werbung \u00fcber uns, bis Sie sich von unserem Newsletter abgemeldet haben.<\/p>\n\n\n\n<p>F\u00fcr unseren Newsletter-Service nutzen wir den Newsletter-Dienst \u00abActiveCampaign\u00bb, 1 North Dearborn St, 5th Floor, Chicago, IL 60602.&nbsp;<\/p>\n\n\n\n<p>Wenn Sie Ihre E-Mail-Adresse f\u00fcr den Erhalt des Newsletters eintragen, wird diese zun\u00e4chst bei ActiveCampaign f\u00fcr den Zweck gespeichert, dem Inhaber eine E-Mail zuzusenden, in der er\/sie die Anmeldung zu dem Newsletterversand best\u00e4tigen kann (\u00abDouble-Opt-In\u00bb). Nach einer solchen Best\u00e4tigung wird die E-Mail-Adresse dauerhaft bei ActiveCampaign gespeichert, bis sie sich von dem Newsletterempfang abgemeldet haben oder sie von uns gel\u00f6scht wird. ActiveCampaign speichert das Datum der Anmeldung sowie die IP-Adresse, unter der die Anmeldung erfolgt ist. Eine weiterf\u00fchrende Nutzung ihrer IP-Adresse erfolgt nicht.<\/p>\n\n\n\n<p>Wir weisen darauf hin, dass die Daten, die \u00fcber ActiveCampaign erhoben und genutzt werden, auf Rechnern in den USA gespeichert und verarbeitet werden. Mit Ihrer Einwilligung in den Empfang unseres Newsletters erkl\u00e4ren Sie sich hiermit einverstanden. Dar\u00fcber hinaus haben wir einen Datenverarbeitungsvertrag mit ActiveCampaign auf Basis der sog. EU-Standardvertragsklauseln geschlossen. Eine sonstige Weitergabe Ihrer E-Mail-Adresse an Dritte erfolgt nicht.<\/p>\n\n\n\n<p>Sie k\u00f6nnen sich jederzeit von unserem Newsletter abmelden. In jeder E-Mail mit unserem Newsletter ist ein Abmeldelink enthalten. Sie k\u00f6nnen auch jederzeit Ihre Einwilligung in die Nutzung ihrer E-Mail-Adresse f\u00fcr die Zukunft uns gegen\u00fcber widerrufen. Nutzen Sie hierzu bitte die unten angegeben Kontaktm\u00f6glichkeiten.<\/p>\n\n\n\n<h3 class=\"wp-block-heading\">6. Ihre Rechte<\/h3>\n\n\n\n<p>Ihnen stehen grunds\u00e4tzlich die Rechte auf Auskunft, Berichtigung, L\u00f6schung, Einschr\u00e4nkung, Daten\u00fcbertragbarkeit, Widerruf und Widerspruch zu. Wenn Sie glauben, dass die Verarbeitung Ihrer Daten gegen das Datenschutzrecht verst\u00f6sst oder Ihre datenschutzrechtlichen Anspr\u00fcche sonst in einer Weise verletzt worden sind, k\u00f6nnen Sie sich bei der Aufsichtsbeh\u00f6rde beschweren.<\/p>\n\n\n\n<p>Sie erreichen uns unter folgenden Kontaktdaten:<\/p>\n\n\n\n<p><strong> &nbsp;Hof Neuguet &#8211; Hansueli Weber<\/strong><\/p>\n\n\n\n<p>Neuguet 6,&nbsp;8132 Hinteregg<\/p>\n\n\n\n<p>mulitrekk@bluemail.ch<\/p>\n\n\n\n<p>077 464 69 34<\/p>\n","protected":false},"excerpt":{"rendered":"<p>1. Erhebung, Verarbeitung und Nutzung personenbezogener Daten Bei einem Besuch dieser Website erheben wir keine personenbezogenen Daten von Ihnen. Personenbezogene Daten werden nur erhoben, wenn Sie uns diese selbst \u00fcber unser Kontaktformular mitteilen. Diese Daten werden ausschliesslich zur Beantwortung Ihres Anliegens genutzt und danach wieder gel\u00f6scht. 2. Verwendung von eigenen Cookies Beim Aufruf bestimmter Seiten [&hellip;]<\/p>\n","protected":false},"author":1,"featured_media":0,"parent":0,"menu_order":0,"comment_status":"closed","ping_status":"closed","template":"","meta":{"footnotes":""},"class_list":["post-54","page","type-page","status-publish","hentry","entry"],"_links":{"self":[{"href":"https:\/\/hof-neuguet.ch\/index.php?rest_route=\/wp\/v2\/pages\/54","targetHints":{"allow":["GET"]}}],"collection":[{"href":"https:\/\/hof-neuguet.ch\/index.php?rest_route=\/wp\/v2\/pages"}],"about":[{"href":"https:\/\/hof-neuguet.ch\/index.php?rest_route=\/wp\/v2\/types\/page"}],"author":[{"embeddable":true,"href":"https:\/\/hof-neuguet.ch\/index.php?rest_route=\/wp\/v2\/users\/1"}],"replies":[{"embeddable":true,"href":"https:\/\/hof-neuguet.ch\/index.php?rest_route=%2Fwp%2Fv2%2Fcomments&post=54"}],"version-history":[{"count":1,"href":"https:\/\/hof-neuguet.ch\/index.php?rest_route=\/wp\/v2\/pages\/54\/revisions"}],"predecessor-version":[{"id":55,"href":"https:\/\/hof-neuguet.ch\/index.php?rest_route=\/wp\/v2\/pages\/54\/revisions\/55"}],"wp:attachment":[{"href":"https:\/\/hof-neuguet.ch\/index.php?rest_route=%2Fwp%2Fv2%2Fmedia&parent=54"}],"curies":[{"name":"wp","href":"https:\/\/api.w.org\/{rel}","templated":true}]}}